{"id":2268,"date":"2017-04-29T18:14:00","date_gmt":"2017-04-29T17:14:00","guid":{"rendered":"http:\/\/www.a-giga.cz\/?page_id=2268"},"modified":"2017-06-04T22:15:41","modified_gmt":"2017-06-04T21:15:41","slug":"lenka-v-priprave-na-yellow-ribbon-run","status":"publish","type":"page","link":"https:\/\/www.a-giga.cz\/?page_id=2268","title":{"rendered":"Lenka v p\u0159\u00edprav\u011b na Yellow Ribbon Run"},"content":{"rendered":"<div class=\"l-subsection\"><div class=\"l-subsection-h\"><div class=\"l-subsection-hh g-html i-cf\"><h1>Lenka v p\u0159\u00edprav\u011b na Yellow Ribbon Run<\/h1>\n<p><a ref=\"magnificPopup\" href=\"http:\/\/www.a-giga.cz\/wp-content\/uploads\/2017\/04\/lenka1.png\"><img loading=\"lazy\" decoding=\"async\" class=\"alignright size-full wp-image-2282\" alt=\"lenka\" src=\"http:\/\/www.a-giga.cz\/wp-content\/uploads\/2017\/04\/lenka1.png\" width=\"318\" height=\"429\" srcset=\"https:\/\/www.a-giga.cz\/wp-content\/uploads\/2017\/04\/lenka1.png 318w, https:\/\/www.a-giga.cz\/wp-content\/uploads\/2017\/04\/lenka1-222x300.png 222w, https:\/\/www.a-giga.cz\/wp-content\/uploads\/2017\/04\/lenka1-103x140.png 103w\" sizes=\"auto, (max-width: 318px) 100vw, 318px\" \/><\/a><br \/>\nYellow ribbon run aneb B\u011bh se \u017elutou stu\u017ekou poukazuje na probl\u00e9m obt\u00ed\u017en\u00e9 zam\u011bstnatelnosti osob po v\u00fdkonu trestu odn\u011bt\u00ed svobody. Projekt Yellow Ribbon Run pom\u00e1h\u00e1 bo\u0159it p\u0159edsudky a upozor\u0148uje na problematiku zam\u011bstn\u00e1v\u00e1n\u00ed b\u00fdval\u00fdch v\u011bz\u0148\u016f.<br \/>\nV lo\u0148sk\u00e9m roce se Yellow Ribbon Run b\u011b\u017eel v \u010cR v\u016fbec poprv\u00e9 v r\u00e1mci Volkswagen Maratonu Praha. Na tra\u0165 maratonu vyb\u011bhly netradi\u010dn\u00ed \u0161tafety slo\u017een\u00e9 z v\u011bz\u0148\u016f, b\u00fdval\u00fdch vez\u0148\u016f, p\u0159\u00edslu\u0161n\u00edk\u016f v\u011bze\u0148sk\u00e9 slu\u017eby, z\u00e1stupce kancel\u00e1\u0159e ombudsmana a \u0159editel\u016f top firem.<br \/>\nZ\u00e1vodu se z\u00fa\u010dastnili i t\u0159i kolegov\u00e9 z na\u0161eho call centra, tak jsme se jich zeptali, jak se jim z\u00e1vod l\u00edbil a co si z n\u011bho odnesli.<br \/>\nV minul\u00e9m \u010dl\u00e1nku odpov\u00eddal supervizor Richard, a nyn\u00ed jsme se zeptali na p\u0159\u00edpravu mana\u017eerky Lenky. V p\u0159\u00ed\u0161t\u00edm \u010dl\u00e1nku se m\u016f\u017eete t\u011b\u0161it na odpov\u011bdi oper\u00e1tora Milana.<\/p>\n<h3>Lenko, jak jsi se dozv\u011bd\u011bla o z\u00e1vodech Yellow Ribbon Run?<\/h3>\n<p>Dozv\u011bd\u011bla jsem se o n\u011bm loni od pan\u00ed \u0159editelky z v\u011bznice Sv\u011btl\u00e1 nad S\u00e1zavou, G\u00e1biny Slov\u00e1kov\u00e9. Vzhledem k tomu, \u017ee se A-Giga pod\u00edl\u00ed na projektu s n\u00e1zvem Zm\u011bna je mo\u017en\u00e1 &#8211; chci zm\u011bnu, p\u0159i\u0161lo n\u00e1m zaj\u00edmav\u00e9 spojit tuto \u010dinnost je\u0161t\u011b se z\u00e1vodem Yellow Ribbon Run.<\/p>\n<h3>Je to tv\u016fj prvn\u00ed z\u00e1vod?<\/h3>\n<p>Ano, doposud jsem se podobn\u00e9ho z\u00e1vodu nez\u00fa\u010dastnila.<\/p>\n<h3>Pro\u010d se \u00fa\u010dastn\u00ed\u0161 Yellow Ribbon Run z\u00e1vodu?<\/h3>\n<p>Proto\u017ee ve sv\u00e9 pr\u00e1ci i v soukrom\u00e9m \u017eivot\u011b podporuji za\u0159azov\u00e1n\u00ed propu\u0161t\u011bn\u00fdch v\u011bz\u0148\u016f do spole\u010dnosti a toto je mo\u017enost, jak na to upozornit i \u0161irokou ve\u0159ejnost. B\u011bh je trendem dne\u0161n\u00ed doby a byla by \u0161koda toho nevyu\u017e\u00edt.<\/p>\n<h3>Co je tvou motivac\u00ed v \u00fa\u010dasti v z\u00e1vodu Yellow Ribbon Run?<\/h3>\n<p>Ub\u011bhnout ho co nejrychleji, a\u0165 nekaz\u00edm t\u00fdmu dobr\u00fd \u010das.<\/p>\n<h3>Stala se ti p\u0159i tr\u00e9ninku n\u011bjak\u00e1 vesel\u00e1 p\u0159\u00edhoda?<\/h3>\n<p>Na \u017e\u00e1dnou veselou p\u0159\u00edhodu si asi nevzpomenu, ale kdy\u017e dob\u011bhnu a zjist\u00edm, \u017ee st\u00e1le \u017eiju, tak je to pro m\u011b v\u017edy vesel\u00e9.<\/p>\n<h3>Jak se p\u0159ipravuje\u0161 na z\u00e1vod?<\/h3>\n<p>Vzhledem k po\u010das\u00ed bohu\u017eel zat\u00edm jen na b\u011b\u017eeck\u00e9m p\u00e1se. Ale u\u017e se t\u011b\u0161\u00edm, a\u017e bude venku hezky a budu moci vyb\u011bhnout do p\u0159\u00edrody.<\/p>\n<h3>Co pro tebe znamen\u00e1\/symbolizuje Yellow Ribbon Run?<\/h3>\n<p>Z\u00e1vod se kon\u00e1 pod z\u00e1\u0161titou my\u0161lenky, kter\u00e1 poukazuje na to, jak to maj\u00ed v\u011bzni, kter\u00fd opou\u0161t\u00ed v\u011bzen\u00ed, bez podpory druh\u00fdch velice t\u011b\u017ek\u00e9. Pro m\u011b tedy z\u00e1vod p\u0159edstavuje nad\u011bji, \u017ee se to zm\u011bn\u00ed k lep\u0161\u00edmu.<\/p>\n<h3>Co bys vzk\u00e1zala ostatn\u00edm b\u011b\u017ec\u016fm a n\u00e1v\u0161t\u011bvn\u00edk\u016fm z\u00e1vodu?<\/h3>\n<p>P\u0159ij\u010fte podpo\u0159it dobrou v\u011bc, a\u0165 u\u017e b\u011bhem, nebo fand\u011bn\u00edm!<\/p>\n<\/div><\/div><\/div>","protected":false},"excerpt":{"rendered":"<p>Lenka v p\u0159\u00edprav\u011b na Yellow Ribbon Run Yellow ribbon run aneb B\u011bh se \u017elutou stu\u017ekou poukazuje na probl\u00e9m obt\u00ed\u017en\u00e9 zam\u011bstnatelnosti osob po v\u00fdkonu trestu odn\u011bt\u00ed svobody. Projekt Yellow Ribbon Run pom\u00e1h\u00e1 bo\u0159it p\u0159edsudky a upozor\u0148uje na problematiku zam\u011bstn\u00e1v\u00e1n\u00ed b\u00fdval\u00fdch v\u011bz\u0148\u016f. V lo\u0148sk\u00e9m roce se Yellow Ribbon Run b\u011b\u017eel v \u010cR v\u016fbec poprv\u00e9 v r\u00e1mci Volkswagen Maratonu Praha. Na tra\u0165 maratonu vyb\u011bhly netradi\u010dn\u00ed \u0161tafety slo\u017een\u00e9 z v\u011bz\u0148\u016f, b\u00fdval\u00fdch vez\u0148\u016f, p\u0159\u00edslu\u0161n\u00edk\u016f v\u011bze\u0148sk\u00e9 slu\u017eby, z\u00e1stupce kancel\u00e1\u0159e ombudsmana a \u0159editel\u016f top firem. Z\u00e1vodu se z\u00fa\u010dastnili i t\u0159i kolegov\u00e9 z na\u0161eho call centra, tak jsme se jich zeptali, jak se jim z\u00e1vod l\u00edbil a co si z n\u011bho odnesli. V minul\u00e9m \u010dl\u00e1nku odpov\u00eddal supervizor Richard, a nyn\u00ed jsme se zeptali na p\u0159\u00edpravu mana\u017eerky Lenky. V p\u0159\u00ed\u0161t\u00edm \u010dl\u00e1nku se m\u016f\u017eete t\u011b\u0161it na odpov\u011bdi oper\u00e1tora Milana. Lenko, jak jsi se dozv\u011bd\u011bla o z\u00e1vodech Yellow Ribbon Run? Dozv\u011bd\u011bla jsem se o n\u011bm loni od pan\u00ed \u0159editelky z v\u011bznice Sv\u011btl\u00e1 nad S\u00e1zavou, G\u00e1biny Slov\u00e1kov\u00e9. Vzhledem k tomu, \u017ee se A-Giga pod\u00edl\u00ed na projektu s n\u00e1zvem Zm\u011bna je mo\u017en\u00e1 &#8211; chci zm\u011bnu, p\u0159i\u0161lo n\u00e1m zaj\u00edmav\u00e9 spojit tuto \u010dinnost je\u0161t\u011b se z\u00e1vodem Yellow Ribbon Run. Je to tv\u016fj prvn\u00ed z\u00e1vod? Ano, doposud jsem se podobn\u00e9ho z\u00e1vodu nez\u00fa\u010dastnila. Pro\u010d se \u00fa\u010dastn\u00ed\u0161 Yellow Ribbon Run z\u00e1vodu? Proto\u017ee ve sv\u00e9 pr\u00e1ci i v soukrom\u00e9m \u017eivot\u011b podporuji za\u0159azov\u00e1n\u00ed propu\u0161t\u011bn\u00fdch v\u011bz\u0148\u016f do spole\u010dnosti a toto je mo\u017enost, jak na to upozornit i \u0161irokou ve\u0159ejnost. B\u011bh je trendem dne\u0161n\u00ed doby a byla by \u0161koda toho nevyu\u017e\u00edt. Co je tvou motivac\u00ed v \u00fa\u010dasti v z\u00e1vodu Yellow Ribbon Run? Ub\u011bhnout ho co nejrychleji, a\u0165 nekaz\u00edm t\u00fdmu dobr\u00fd \u010das. Stala se ti p\u0159i tr\u00e9ninku n\u011bjak\u00e1 vesel\u00e1 p\u0159\u00edhoda? Na \u017e\u00e1dnou veselou p\u0159\u00edhodu si asi nevzpomenu, ale kdy\u017e dob\u011bhnu a zjist\u00edm, \u017ee st\u00e1le \u017eiju, tak je to pro m\u011b v\u017edy vesel\u00e9. Jak se p\u0159ipravuje\u0161 na z\u00e1vod? Vzhledem k po\u010das\u00ed bohu\u017eel zat\u00edm jen na b\u011b\u017eeck\u00e9m p\u00e1se. Ale u\u017e se t\u011b\u0161\u00edm, a\u017e bude venku hezky a budu moci vyb\u011bhnout do p\u0159\u00edrody. Co pro tebe znamen\u00e1\/symbolizuje Yellow Ribbon Run? Z\u00e1vod se kon\u00e1 pod z\u00e1\u0161titou my\u0161lenky, kter\u00e1 poukazuje na to, jak to maj\u00ed v\u011bzni, kter\u00fd opou\u0161t\u00ed v\u011bzen\u00ed, bez podpory druh\u00fdch velice t\u011b\u017ek\u00e9. Pro m\u011b tedy z\u00e1vod p\u0159edstavuje nad\u011bji, \u017ee se to zm\u011bn\u00ed k lep\u0161\u00edmu. Co bys vzk\u00e1zala ostatn\u00edm b\u011b\u017ec\u016fm a n\u00e1v\u0161t\u011bvn\u00edk\u016fm z\u00e1vodu? P\u0159ij\u010fte podpo\u0159it dobrou v\u011bc, a\u0165 u\u017e b\u011bhem, nebo fand\u011bn\u00edm!<\/p>\n","protected":false},"author":1,"featured_media":0,"parent":0,"menu_order":0,"comment_status":"closed","ping_status":"open","template":"","meta":{"footnotes":""},"class_list":["post-2268","page","type-page","status-publish","hentry"],"_links":{"self":[{"href":"https:\/\/www.a-giga.cz\/index.php?rest_route=\/wp\/v2\/pages\/2268","targetHints":{"allow":["GET"]}}],"collection":[{"href":"https:\/\/www.a-giga.cz\/index.php?rest_route=\/wp\/v2\/pages"}],"about":[{"href":"https:\/\/www.a-giga.cz\/index.php?rest_route=\/wp\/v2\/types\/page"}],"author":[{"embeddable":true,"href":"https:\/\/www.a-giga.cz\/index.php?rest_route=\/wp\/v2\/users\/1"}],"replies":[{"embeddable":true,"href":"https:\/\/www.a-giga.cz\/index.php?rest_route=%2Fwp%2Fv2%2Fcomments&post=2268"}],"version-history":[{"count":5,"href":"https:\/\/www.a-giga.cz\/index.php?rest_route=\/wp\/v2\/pages\/2268\/revisions"}],"predecessor-version":[{"id":2283,"href":"https:\/\/www.a-giga.cz\/index.php?rest_route=\/wp\/v2\/pages\/2268\/revisions\/2283"}],"wp:attachment":[{"href":"https:\/\/www.a-giga.cz\/index.php?rest_route=%2Fwp%2Fv2%2Fmedia&parent=2268"}],"curies":[{"name":"wp","href":"https:\/\/api.w.org\/{rel}","templated":true}]}}