{"id":2512,"date":"2020-03-23T11:54:36","date_gmt":"2020-03-23T10:54:36","guid":{"rendered":"http:\/\/www.a-giga.cz\/?page_id=2512"},"modified":"2020-04-14T13:02:41","modified_gmt":"2020-04-14T12:02:41","slug":"projekt-rousky-2020","status":"publish","type":"page","link":"http:\/\/www.a-giga.cz\/?page_id=2512","title":{"rendered":"Projekt ROU\u0160KY 2020"},"content":{"rendered":"<div class=\"l-subsection\"><div class=\"l-subsection-h\"><div class=\"l-subsection-hh g-html i-cf\"><h4>Projekt ROU\u0160KY 2020<\/h4>\n<p><img loading=\"lazy\" decoding=\"async\" class=\"wp-image-2514 size-medium alignright\" src=\"http:\/\/www.a-giga.cz\/wp-content\/uploads\/2020\/03\/IMG_20200318_132ddd558-300x225.jpg\" alt=\"\" width=\"300\" height=\"225\" srcset=\"http:\/\/www.a-giga.cz\/wp-content\/uploads\/2020\/03\/IMG_20200318_132ddd558-300x225.jpg 300w, http:\/\/www.a-giga.cz\/wp-content\/uploads\/2020\/03\/IMG_20200318_132ddd558-768x576.jpg 768w, http:\/\/www.a-giga.cz\/wp-content\/uploads\/2020\/03\/IMG_20200318_132ddd558-187x140.jpg 187w, http:\/\/www.a-giga.cz\/wp-content\/uploads\/2020\/03\/IMG_20200318_132ddd558.jpg 800w\" sizes=\"auto, (max-width: 300px) 100vw, 300px\" \/><br \/>\nSpole\u010dnost A-Giga s.r.o. ve spolupr\u00e1ci s V\u011bznic\u00ed Vina\u0159ice zah\u00e1jila ve st\u0159edu 17.3.2020 \u0161it\u00ed bavln\u011bn\u00fdch rou\u0161ek pro pot\u0159eby v\u011bznice, zam\u011bstnanc\u016f a odsouzen\u00fdch. Za pouh\u00e9 dva dny jsme vyrobili rou\u0161ku pro ka\u017ed\u00e9ho zam\u011bstnance V\u011bznice Vina\u0159ice a pro zam\u011bstnan\u00e9 odsouzen\u00e9. \u010c\u00e1st rou\u0161ek je p\u0159ed\u00e1v\u00e1na na\u0161im senior\u016fm prost\u0159ednictv\u00edm humanit\u00e1rn\u00edch organizac\u00ed. Aktu\u00e1ln\u00ed denn\u00ed produkce je cca 1.000 kus\u016f rou\u0161ek.<\/p>\n<p>\u0160ijeme dvouvrstv\u00e9 rou\u0161ky, tzv. s kapsou, kter\u00e1 je ur\u010den\u00e1 na vkl\u00e1d\u00e1n\u00ed v\u00fdm\u011bnn\u00e9ho filtru.<\/p>\n<p>\u0160it\u00ed rou\u0161ek realizujeme v pronajat\u00fdch prostorech v\u011bznice, ve \u0161kol\u00edc\u00ed m\u00edstnost na\u0161\u00ed firmy atd. P\u0159i \u0161it\u00ed rou\u0161ek n\u00e1m pom\u00e1haj\u00ed odsouzen\u00ed, kte\u0159\u00ed norm\u00e1ln\u011b pracuj\u00ed jako oper\u00e1to\u0159i v na\u0161em call centru, ty jsme doplnili je\u0161t\u011b malou skupinou odsouzen\u00fdch, kte\u0159\u00ed doposud nepracovali.<\/p>\n<p>D\u011bkujeme v\u0161em, kte\u0159\u00ed n\u00e1m pomohli \u0161it\u00ed rou\u0161ek realizovat &#8211;<span class=\"Apple-converted-space\">\u00a0 <\/span>na prvn\u00edm m\u00edst\u011b veden\u00ed v\u011bznice, kter\u00e1 n\u00e1m umo\u017enila tento projekt realizovat. Obrovsk\u00e9 pod\u011bkov\u00e1n\u00ed pat\u0159\u00ed v\u0161em t\u011bm, kte\u0159\u00ed n\u00e1m po v\u00fdzv\u011b zap\u016fj\u010dili \u0161ic\u00ed stroje, p\u0159inesli n\u00e1m l\u00e1tky, nit\u011b a dal\u0161\u00ed pot\u0159eby pot\u0159ebn\u00e9 k \u0161it\u00ed rou\u0161ek. Po v\u00fdzv\u011b mezi na\u0161imi p\u0159\u00e1teli a obchodn\u00edmi partnery jsme mohli za\u010d\u00edt \u0161\u00edt do jednoho dne. \u0160ic\u00ed stoje n\u00e1m poskytla tak\u00e9<span class=\"Apple-converted-space\">\u00a0 <\/span>poskytla tak\u00e9 spole\u010dnost T-Mobile.<span class=\"Apple-converted-space\">\u00a0 <\/span>D\u011bkujeme, bez V\u00e1s bychom nemohli pom\u00e1hat na\u0161im lidem!<\/p>\n<p>Mimo jin\u00e9 vyu\u017e\u00edv\u00e1me na\u0161ich zku\u0161enost\u00ed ze soci\u00e1ln\u00edch projekt\u016f, kter\u00e9 jsme realizovali a realizujeme, zab\u00fdv\u00e1me se tzv. doprov\u00e1zen\u00edm. Nyn\u00ed aktu\u00e1ln\u011b uskute\u010d\u0148ujeme inova\u010dn\u00ed soci\u00e1ln\u00ed projekt &#8222;Soused\u00e9 83&#8220; s motem &#8222;Bu\u010f dobr\u00fdm sousedem&#8220; (prevence recidivy odsouzen\u00fdch). Je \u00fa\u017easn\u00e9 pozorovat, jak odsouzen\u00ed pracuj\u00ed dobrovoln\u011b a to i ve sv\u00e9m volnu. Zaj\u00edmaj\u00ed se o to, komu jeho rou\u0161ka bude pom\u00e1hat.<\/p>\n<p>Pro\u010d to d\u011blaj\u00ed?\u00a0 &#8220; M\u00e1me co napravovat&#8220;, &#8222;Je super pomoci lidem p\u0159i t\u00e9to katastrof\u011b&#8220;, &#8222;Je to n\u00e1ro\u010dn\u00fd, ale pomoc je t\u0159eba a j\u00e1 m\u00e1m tady \u010dasu dost&#8220;, &#8220; Je\u0161t\u011b jsem nem\u011bl takov\u00fd dobr\u00fd pocit, v\u011bt\u0161inou jsem ubli\u017eoval&#8220;, &#8222;ned\u011bl\u00e1m to kv\u016fli pochvale, t\u0159eba dostaneme \u0158\u00e1d zlat\u00e9 rou\u0161ky :-)&#8220; atd.<\/p>\n<p>Podporujeme z\u00e1rove\u0148 i iniciativu <strong>Rou\u0161ky senior\u016fm<\/strong>. \u010cl\u00e1nek o iniciativ\u011b naleznete <a href=\"https:\/\/www.hatefree.cz\/blo\/hf-zpravy\/3505-vinarice\">zde<\/a>.<\/p>\n<\/div><\/div><\/div>","protected":false},"excerpt":{"rendered":"<p>Projekt ROU\u0160KY 2020 Spole\u010dnost A-Giga s.r.o. ve spolupr\u00e1ci s V\u011bznic\u00ed Vina\u0159ice zah\u00e1jila ve st\u0159edu 17.3.2020 \u0161it\u00ed bavln\u011bn\u00fdch rou\u0161ek pro pot\u0159eby v\u011bznice, zam\u011bstnanc\u016f a odsouzen\u00fdch. Za pouh\u00e9 dva dny jsme vyrobili rou\u0161ku pro ka\u017ed\u00e9ho zam\u011bstnance V\u011bznice Vina\u0159ice a pro zam\u011bstnan\u00e9 odsouzen\u00e9. \u010c\u00e1st rou\u0161ek je p\u0159ed\u00e1v\u00e1na na\u0161im senior\u016fm prost\u0159ednictv\u00edm humanit\u00e1rn\u00edch organizac\u00ed. Aktu\u00e1ln\u00ed denn\u00ed produkce je cca 1.000 kus\u016f rou\u0161ek. \u0160ijeme dvouvrstv\u00e9 rou\u0161ky, tzv. s kapsou, kter\u00e1 je ur\u010den\u00e1 na vkl\u00e1d\u00e1n\u00ed v\u00fdm\u011bnn\u00e9ho filtru. \u0160it\u00ed rou\u0161ek realizujeme v pronajat\u00fdch prostorech v\u011bznice, ve \u0161kol\u00edc\u00ed m\u00edstnost na\u0161\u00ed firmy atd. P\u0159i \u0161it\u00ed rou\u0161ek n\u00e1m pom\u00e1haj\u00ed odsouzen\u00ed, kte\u0159\u00ed norm\u00e1ln\u011b pracuj\u00ed jako oper\u00e1to\u0159i v na\u0161em call centru, ty jsme doplnili je\u0161t\u011b malou skupinou odsouzen\u00fdch, kte\u0159\u00ed doposud nepracovali. D\u011bkujeme v\u0161em, kte\u0159\u00ed n\u00e1m pomohli \u0161it\u00ed rou\u0161ek realizovat &#8211;\u00a0 na prvn\u00edm m\u00edst\u011b veden\u00ed v\u011bznice, kter\u00e1 n\u00e1m umo\u017enila tento projekt realizovat. Obrovsk\u00e9 pod\u011bkov\u00e1n\u00ed pat\u0159\u00ed v\u0161em t\u011bm, kte\u0159\u00ed n\u00e1m po v\u00fdzv\u011b zap\u016fj\u010dili \u0161ic\u00ed stroje, p\u0159inesli n\u00e1m l\u00e1tky, nit\u011b a dal\u0161\u00ed pot\u0159eby pot\u0159ebn\u00e9 k \u0161it\u00ed rou\u0161ek. Po v\u00fdzv\u011b mezi na\u0161imi p\u0159\u00e1teli a obchodn\u00edmi partnery jsme mohli za\u010d\u00edt \u0161\u00edt do jednoho dne. \u0160ic\u00ed stoje n\u00e1m poskytla tak\u00e9\u00a0 poskytla tak\u00e9 spole\u010dnost T-Mobile.\u00a0 D\u011bkujeme, bez V\u00e1s bychom nemohli pom\u00e1hat na\u0161im lidem! Mimo jin\u00e9 vyu\u017e\u00edv\u00e1me na\u0161ich zku\u0161enost\u00ed ze soci\u00e1ln\u00edch projekt\u016f, kter\u00e9 jsme realizovali a realizujeme, zab\u00fdv\u00e1me se tzv. doprov\u00e1zen\u00edm. Nyn\u00ed aktu\u00e1ln\u011b uskute\u010d\u0148ujeme inova\u010dn\u00ed soci\u00e1ln\u00ed projekt &#8222;Soused\u00e9 83&#8220; s motem &#8222;Bu\u010f dobr\u00fdm sousedem&#8220; (prevence recidivy odsouzen\u00fdch). Je \u00fa\u017easn\u00e9 pozorovat, jak odsouzen\u00ed pracuj\u00ed dobrovoln\u011b a to i ve sv\u00e9m volnu. Zaj\u00edmaj\u00ed se o to, komu jeho rou\u0161ka bude pom\u00e1hat. Pro\u010d to d\u011blaj\u00ed?\u00a0 &#8220; M\u00e1me co napravovat&#8220;, &#8222;Je super pomoci lidem p\u0159i t\u00e9to katastrof\u011b&#8220;, &#8222;Je to n\u00e1ro\u010dn\u00fd, ale pomoc je t\u0159eba a j\u00e1 m\u00e1m tady \u010dasu dost&#8220;, &#8220; Je\u0161t\u011b jsem nem\u011bl takov\u00fd dobr\u00fd pocit, v\u011bt\u0161inou jsem ubli\u017eoval&#8220;, &#8222;ned\u011bl\u00e1m to kv\u016fli pochvale, t\u0159eba dostaneme \u0158\u00e1d zlat\u00e9 rou\u0161ky :-)&#8220; atd. Podporujeme z\u00e1rove\u0148 i iniciativu Rou\u0161ky senior\u016fm. \u010cl\u00e1nek o iniciativ\u011b naleznete zde.<\/p>\n","protected":false},"author":1,"featured_media":0,"parent":0,"menu_order":0,"comment_status":"closed","ping_status":"closed","template":"","meta":{"footnotes":""},"class_list":["post-2512","page","type-page","status-publish","hentry"],"_links":{"self":[{"href":"http:\/\/www.a-giga.cz\/index.php?rest_route=\/wp\/v2\/pages\/2512","targetHints":{"allow":["GET"]}}],"collection":[{"href":"http:\/\/www.a-giga.cz\/index.php?rest_route=\/wp\/v2\/pages"}],"about":[{"href":"http:\/\/www.a-giga.cz\/index.php?rest_route=\/wp\/v2\/types\/page"}],"author":[{"embeddable":true,"href":"http:\/\/www.a-giga.cz\/index.php?rest_route=\/wp\/v2\/users\/1"}],"replies":[{"embeddable":true,"href":"http:\/\/www.a-giga.cz\/index.php?rest_route=%2Fwp%2Fv2%2Fcomments&post=2512"}],"version-history":[{"count":6,"href":"http:\/\/www.a-giga.cz\/index.php?rest_route=\/wp\/v2\/pages\/2512\/revisions"}],"predecessor-version":[{"id":2525,"href":"http:\/\/www.a-giga.cz\/index.php?rest_route=\/wp\/v2\/pages\/2512\/revisions\/2525"}],"wp:attachment":[{"href":"http:\/\/www.a-giga.cz\/index.php?rest_route=%2Fwp%2Fv2%2Fmedia&parent=2512"}],"curies":[{"name":"wp","href":"https:\/\/api.w.org\/{rel}","templated":true}]}}