{"id":2418,"date":"2017-12-21T09:53:08","date_gmt":"2017-12-21T08:53:08","guid":{"rendered":"http:\/\/www.a-giga.cz\/?page_id=2418"},"modified":"2017-12-31T09:54:51","modified_gmt":"2017-12-31T08:54:51","slug":"a-giga-vam-preje","status":"publish","type":"page","link":"http:\/\/www.a-giga.cz\/?page_id=2418","title":{"rendered":"A-GIGA V\u00e1m p\u0159eje&#8230;"},"content":{"rendered":"<div class=\"l-subsection\"><div class=\"l-subsection-h\"><div class=\"l-subsection-hh g-html i-cf\"><p style=\"text-align: center;\">A-GIGA p\u0159eje V\u00e1m v\u0161em klidn\u00e9 a pohodov\u00e9 pro\u017eit\u00ed v\u00e1no\u010dn\u00edch sv\u00e1tk\u016f a \u00fasp\u011b\u0161n\u00fd nov\u00fd rok!<br \/>\n<img loading=\"lazy\" decoding=\"async\" class=\"aligncenter size-full wp-image-2416\" src=\"http:\/\/www.a-giga.cz\/wp-content\/uploads\/2017\/12\/25593901_1726355767408610_1222269200780532256_n.jpg\" alt=\"\" width=\"800\" height=\"800\" srcset=\"http:\/\/www.a-giga.cz\/wp-content\/uploads\/2017\/12\/25593901_1726355767408610_1222269200780532256_n.jpg 800w, http:\/\/www.a-giga.cz\/wp-content\/uploads\/2017\/12\/25593901_1726355767408610_1222269200780532256_n-150x150.jpg 150w, http:\/\/www.a-giga.cz\/wp-content\/uploads\/2017\/12\/25593901_1726355767408610_1222269200780532256_n-300x300.jpg 300w, http:\/\/www.a-giga.cz\/wp-content\/uploads\/2017\/12\/25593901_1726355767408610_1222269200780532256_n-768x768.jpg 768w, http:\/\/www.a-giga.cz\/wp-content\/uploads\/2017\/12\/25593901_1726355767408610_1222269200780532256_n-500x500.jpg 500w, http:\/\/www.a-giga.cz\/wp-content\/uploads\/2017\/12\/25593901_1726355767408610_1222269200780532256_n-185x185.jpg 185w, http:\/\/www.a-giga.cz\/wp-content\/uploads\/2017\/12\/25593901_1726355767408610_1222269200780532256_n-220x220.jpg 220w, http:\/\/www.a-giga.cz\/wp-content\/uploads\/2017\/12\/25593901_1726355767408610_1222269200780532256_n-276x276.jpg 276w, http:\/\/www.a-giga.cz\/wp-content\/uploads\/2017\/12\/25593901_1726355767408610_1222269200780532256_n-140x140.jpg 140w\" sizes=\"auto, (max-width: 800px) 100vw, 800px\" \/><\/p>\n<\/div><\/div><\/div>","protected":false},"excerpt":{"rendered":"<p>A-GIGA p\u0159eje V\u00e1m v\u0161em klidn\u00e9 a pohodov\u00e9 pro\u017eit\u00ed v\u00e1no\u010dn\u00edch sv\u00e1tk\u016f a \u00fasp\u011b\u0161n\u00fd nov\u00fd rok!<\/p>\n","protected":false},"author":1,"featured_media":0,"parent":0,"menu_order":0,"comment_status":"closed","ping_status":"closed","template":"","meta":{"footnotes":""},"class_list":["post-2418","page","type-page","status-publish","hentry"],"_links":{"self":[{"href":"http:\/\/www.a-giga.cz\/index.php?rest_route=\/wp\/v2\/pages\/2418","targetHints":{"allow":["GET"]}}],"collection":[{"href":"http:\/\/www.a-giga.cz\/index.php?rest_route=\/wp\/v2\/pages"}],"about":[{"href":"http:\/\/www.a-giga.cz\/index.php?rest_route=\/wp\/v2\/types\/page"}],"author":[{"embeddable":true,"href":"http:\/\/www.a-giga.cz\/index.php?rest_route=\/wp\/v2\/users\/1"}],"replies":[{"embeddable":true,"href":"http:\/\/www.a-giga.cz\/index.php?rest_route=%2Fwp%2Fv2%2Fcomments&post=2418"}],"version-history":[{"count":1,"href":"http:\/\/www.a-giga.cz\/index.php?rest_route=\/wp\/v2\/pages\/2418\/revisions"}],"predecessor-version":[{"id":2420,"href":"http:\/\/www.a-giga.cz\/index.php?rest_route=\/wp\/v2\/pages\/2418\/revisions\/2420"}],"wp:attachment":[{"href":"http:\/\/www.a-giga.cz\/index.php?rest_route=%2Fwp%2Fv2%2Fmedia&parent=2418"}],"curies":[{"name":"wp","href":"https:\/\/api.w.org\/{rel}","templated":true}]}}