{"id":2393,"date":"2017-11-18T09:32:43","date_gmt":"2017-11-18T08:32:43","guid":{"rendered":"http:\/\/www.a-giga.cz\/?page_id=2393"},"modified":"2017-12-31T09:36:50","modified_gmt":"2017-12-31T08:36:50","slug":"nove-prostory-call-centra-v-kladne","status":"publish","type":"page","link":"http:\/\/www.a-giga.cz\/?page_id=2393","title":{"rendered":"Nov\u00e9 prostory call centra v Kladn\u011b"},"content":{"rendered":"<div class=\"l-subsection\"><div class=\"l-subsection-h\"><div class=\"l-subsection-hh g-html i-cf\"><h1>Nov\u00e9 prostory call centra v Kladn\u011b<\/h1>\n<p>Na\u0161ich zam\u011bstnanc\u016f si v\u00e1\u017e\u00edme a zaj\u00edm\u00e1me se o jejich rozvoj a pracovn\u00ed spokojenost, vytv\u00e1\u0159\u00edme jim kvalitn\u00ed pracovn\u00ed prost\u0159ed\u00ed i podm\u00ednky pro n\u00e1ro\u010dnou pr\u00e1ci. Proto jsme se rozhodli p\u0159esunout do nov\u00fdch prostor, kter\u00e9 n\u00e1m v na\u0161em sna\u017een\u00ed pomohou.<\/p>\n<p style=\"text-align: center;\"><div class=\"w-gallery type_slider\">\r\n                        <div class=\"w-gallery-h\">\r\n                            <div class=\"w-gallery-main\">\r\n                                <div class=\"w-gallery-main-h flexslider flex-loading\">\r\n                                    <ul class=\"slides\">\r\n                                        \n<li><img decoding=\"async\" src=\"http:\/\/www.a-giga.cz\/wp-content\/uploads\/2017\/12\/1-1.jpg\" alt=\"\"><\/li>\n<li><img decoding=\"async\" src=\"http:\/\/www.a-giga.cz\/wp-content\/uploads\/2017\/12\/2-1.jpg\" alt=\"\"><\/li>\n<li><img decoding=\"async\" src=\"http:\/\/www.a-giga.cz\/wp-content\/uploads\/2017\/12\/3-1.jpg\" alt=\"\"><\/li>\n<li><img decoding=\"async\" src=\"http:\/\/www.a-giga.cz\/wp-content\/uploads\/2017\/12\/4-1.jpg\" alt=\"\"><\/li>\n\r\n                                    <\/ul>\r\n                                <\/div>\r\n                            <\/div>\r\n                        <\/div>\r\n                    <\/div>\n<\/div><\/div><\/div>","protected":false},"excerpt":{"rendered":"<p>Nov\u00e9 prostory call centra v Kladn\u011b Na\u0161ich zam\u011bstnanc\u016f si v\u00e1\u017e\u00edme a zaj\u00edm\u00e1me se o jejich rozvoj a pracovn\u00ed spokojenost, vytv\u00e1\u0159\u00edme jim kvalitn\u00ed pracovn\u00ed prost\u0159ed\u00ed i podm\u00ednky pro n\u00e1ro\u010dnou pr\u00e1ci. Proto jsme se rozhodli p\u0159esunout do nov\u00fdch prostor, kter\u00e9 n\u00e1m v na\u0161em sna\u017een\u00ed pomohou.<\/p>\n","protected":false},"author":1,"featured_media":0,"parent":0,"menu_order":0,"comment_status":"closed","ping_status":"closed","template":"","meta":{"footnotes":""},"class_list":["post-2393","page","type-page","status-publish","hentry"],"_links":{"self":[{"href":"http:\/\/www.a-giga.cz\/index.php?rest_route=\/wp\/v2\/pages\/2393","targetHints":{"allow":["GET"]}}],"collection":[{"href":"http:\/\/www.a-giga.cz\/index.php?rest_route=\/wp\/v2\/pages"}],"about":[{"href":"http:\/\/www.a-giga.cz\/index.php?rest_route=\/wp\/v2\/types\/page"}],"author":[{"embeddable":true,"href":"http:\/\/www.a-giga.cz\/index.php?rest_route=\/wp\/v2\/users\/1"}],"replies":[{"embeddable":true,"href":"http:\/\/www.a-giga.cz\/index.php?rest_route=%2Fwp%2Fv2%2Fcomments&post=2393"}],"version-history":[{"count":1,"href":"http:\/\/www.a-giga.cz\/index.php?rest_route=\/wp\/v2\/pages\/2393\/revisions"}],"predecessor-version":[{"id":2398,"href":"http:\/\/www.a-giga.cz\/index.php?rest_route=\/wp\/v2\/pages\/2393\/revisions\/2398"}],"wp:attachment":[{"href":"http:\/\/www.a-giga.cz\/index.php?rest_route=%2Fwp%2Fv2%2Fmedia&parent=2393"}],"curies":[{"name":"wp","href":"https:\/\/api.w.org\/{rel}","templated":true}]}}

Nové prostory call centra v Kladně

<div class="l-subsection"><div class="l-subsection-h"><div class="l-subsection-hh g-html i-cf"><h1>Nové prostory call centra v Kladně</h1>
<p>Našich zaměstnanců si vážíme a zajímáme se o jejich rozvoj a pracovní spokojenost, vytváříme jim kvalitní pracovní prostředí i podmínky pro náročnou práci. Proto jsme se rozhodli přesunout do nových prostor, které nám v našem snažení pomohou.</p>
<p style="text-align: center;"><div class="w-gallery type_slider">
                        <div class="w-gallery-h">
                            <div class="w-gallery-main">
                                <div class="w-gallery-main-h flexslider flex-loading">
                                    <ul class="slides">
                                        
<li><img decoding="async" src="http://www.a-giga.cz/wp-content/uploads/2017/12/1-1.jpg" alt=""></li>
<li><img decoding="async" src="http://www.a-giga.cz/wp-content/uploads/2017/12/2-1.jpg" alt=""></li>
<li><img decoding="async" src="http://www.a-giga.cz/wp-content/uploads/2017/12/3-1.jpg" alt=""></li>
<li><img decoding="async" src="http://www.a-giga.cz/wp-content/uploads/2017/12/4-1.jpg" alt=""></li>

                                    </ul>
                                </div>
                            </div>
                        </div>
                    </div>
</div></div></div>

<p>Nové prostory call centra v Kladně Našich zaměstnanců si vážíme a zajímáme se o jejich rozvoj a pracovní spokojenost, vytváříme jim kvalitní pracovní prostředí i podmínky pro náročnou práci. Proto jsme se rozhodli přesunout do nových prostor, které nám v našem snažení pomohou.</p>
